st common factor of 61 and g.
61
Suppose 7*t - 2*t - 5 = 0. Suppose 6*c - c = 270. Suppose -4*y - 6*k = -k - c, 2*y - 30 = -4*k. Calculate the greatest common factor of y and t.
1
Let a = -105 - -175. Let u = -50 + a. Suppose 121 = k - 99. What is the highest common factor of k and u?
20
Let j be 1 - ((2 + -10)/(-4) - 78). What is the highest common divisor of j and 33?
11
Let p = 399 - 391. Let i = 265 - 69. Suppose 0*r = -3*r + x + i, -4*x + 176 = 3*r. Calculate the highest common divisor of r and p.
8
Let r(c) = c**2 + 16*c + 18. Let w be r(-15). Suppose 62 - 2 = w*i. What is the highest common factor of i and 160?
20
Let u(b) = b**2 + 3*b + 4. Let m be u(-4). Let f be -4 + 72 - 8/(-2). Calculate the highest common factor of f and m.
8
Suppose -3*r - 1092 + 57 = 0. Let b = -48 - r. Let v = -201 + b. What is the greatest common divisor of v and 12?
12
Suppose 5 - 1 = 2*u. Let y be (3/u - 2)*64/(-4). Calculate the greatest common factor of 8 and y.
8
Let k = 37 + 80. Let f = -44 - -83. Calculate the highest common factor of f and k.
39
Let x be ((-154)/(-49) - 4)/(12/(-616)). What is the greatest common factor of 99 and x?
11
Suppose -43*g + 5 = -38*g, 3328 = 5*n + 3*g. Calculate the greatest common divisor of 19 and n.
19
Suppose 201 = 2*v + 5*t - 5, 0 = -2*v - t + 198. What is the highest common factor of v and 84?
14
Let x(b) be the first derivative of b**4/4 + 7*b**3/3 + 3*b**2 - 13*b + 35. Let p be x(-4). Calculate the greatest common divisor of p and 121.
11
Let w = -43 + -11. Let v = w + 166. Let c be 5328/v - (-3)/7. What is the highest common divisor of 12 and c?
12
Suppose -465 = -25*u + 16510. Calculate the highest common factor of 97 and u.
97
Let f(n) = -n + 2. Let w be f(-1). Suppose 6*x - 24 = w*x. Let i be 2/3 + (-116)/(-6). Calculate the greatest common divisor of x and i.
4
Let f = 186 - 150. What is the highest common factor of f and 252?
36
Suppose r + 2*j = -3*j + 25, 0 = 2*r - 2*j - 2. Let y be (14/r)/(1 - (-6)/(-10)). What is the highest common divisor of y and 21?
7
Suppose -3*v + 97 = -80. What is the highest common divisor of v and 1?
1
Let u = -16 - -19. Suppose h = 2*f - 140, -u*f - 3*h + 280 = 52. What is the greatest common divisor of f and 18?
18
Suppose -m + 4*l = -0*l - 16, -3*m + 3*l + 12 = 0. Suppose m = -11*q - 34 + 122. Calculate the highest common factor of 6 and q.
2
Let s = 137 - 119. Calculate the highest common divisor of 1188 and s.
18
Let k(l) = -l**3 - 15*l**2 + 46*l + 6. Let v be k(-20). Calculate the greatest common factor of v and 6.
6
Let u be (13 + 2 + -5)/2. Suppose 231 = o - u*a, 0 = o - 0*a + 3*a - 271. Suppose -6*h + o = -2*h. What is the greatest common divisor of 8 and h?
8
Suppose -17 = -3*i - 4*a, -i - 3*i = -2*a + 14. Let y be -1 - 3*8*-5 - i. What is the highest common factor of y and 300?
60
Suppose -5*c = 4*l + l - 180, 3*l = -4*c + 113. What is the greatest common factor of 310 and l?
31
Suppose 2 - 12 = 5*l, -20 = -3*u + 4*l. Let f be u/(2 - 6 - -5). Let x be 2/(2 + 15/(-9)). Calculate the greatest common factor of f and x.
2
Suppose 11*i + 98 = 9*i. Let v = 55 + i. What is the highest common divisor of 48 and v?
6
Suppose 4*v - 622 - 290 = 0. What is the highest common divisor of 24 and v?
12
Suppose 9*s - 1452 = -2*s. Calculate the greatest common factor of s and 330.
66
Let a(c) = c**2 + 2*c - 158. Let x be a(12). What is the greatest common divisor of x and 65?
5
Let x(f) = -2*f - 6. Let r(l) = 7*l + 1. Let b be 2/6 - (-12)/(-9). Let k be r(b). Let a be x(k). What is the highest common divisor of a and 48?
6
Suppose -1165 = 3*z + 5567. Let w be z/(-14) - (-18)/(-63). What is the greatest common divisor of w and 20?
20
Suppose 3*h = -2*h + 55. Let n be (h - (0 + 3)) + -2. Calculate the highest common factor of n and 18.
6
Suppose 0 = -27*k + 19*k + 216. Let s = k - -2. What is the greatest common divisor of s and 319?
29
Suppose s = -2*k + 24, -2*k + 4*k = 5*s + 36. Calculate the greatest common divisor of 91 and k.
13
Let d(i) = i**3 - 5*i**2 + 6*i - 5. Let l be d(4). Suppose 2*j = 5*x + l, -2*j - x + 30 = 3*x. Let a = 48 + -39. What is the greatest common divisor of j and a?
9
Suppose -4*u + t + t + 78 = 0, -3*t + 3 = 0. What is the highest common factor of 50 and u?
10
Let q = 361 + -298. Calculate the greatest common factor of 35 and q.
7
Suppose 3*j + 4*r - 13 = 0, -5*j - 2*r + 21 = 4. Suppose -j*z - 4*h + 31 = -29, 0 = -4*z + 2*h + 102. What is the highest common divisor of z and 120?
24
Suppose 9 = -g + 135. Calculate the greatest common factor of 189 and g.
63
Let u = -231 - -150. Let m = u - -109. Calculate the highest common factor of m and 252.
28
Let s be (-388)/6 - (-4)/6. Let a be s/(-11) + (-4)/(-22). Let c be (3/(3*-2))/(7/(-126)). What is the greatest common divisor of a and c?
3
Suppose 5*t = 1 + 19. Let y = 1546 + -774. Let n be (-4)/(-10) + (y/20 - 3). What is the highest common factor of n and t?
4
Let j(f) = -52*f + 2. Let q be j(-1). Suppose -4*d = -90 - q. Suppose h - 3*z - 108 + 39 = 0, -h + 29 = 5*z. Calculate the highest common factor of d and h.
18
Let y = -129 - -165. What is the highest common factor of 99 and y?
9
Let d be 2/(-4) - (-114)/4. Let n be 4 - ((-4)/(-14) + (-1584)/56). Suppose -3*c = p + 2, 3*p - n = 5*c + 4. What is the highest common divisor of p and d?
7
Let a be (10/(-6))/((-66)/594). Suppose 3*i = -3*h + 420, 5*i + 101 = -h + 781. What is the greatest common factor of i and a?
15
Let q be (4/10)/((-14)/140). Let n be 0 - q - (3 + -4). Suppose -260 = -n*r + r. Calculate the highest common divisor of r and 13.
13
Let w be 60 + (-5)/(25/30). Calculate the highest common divisor of w and 243.
27
Suppose 2*w - 45*w + 2451 = 0. Calculate the greatest common factor of w and 38.
19
Let w = -251 - -307. What is the highest common divisor of 2240 and w?
56
Let p be 0/(-1 - -3) + 153. Suppose 77 - 11 = 3*a - 5*d, 4*a + d - 65 = 0. What is the greatest common factor of p and a?
17
Let t(r) = -r**3 + 6*r**2 + 6*r + 6. Let l be t(7). Let f(z) = -6*z + 1. Let m be f(l). Let o = 20 - -57. Calculate the greatest common factor of m and o.
7
Let w = 50 + -47. Suppose 2*n + w*n = 4*u + 487, -3*n = -u - 295. Calculate the highest common factor of 9 and n.
9
Suppose 0*r - 56 = -4*r. Suppose 0 = -2*d + 5*n + 19, 9*d - 14*d - 3*n = -1. Calculate the highest common divisor of d and r.
2
Suppose -2*r - 594 = -k, 11*k = 10*k - 4*r + 594. Calculate the greatest common divisor of 6 and k.
6
Let f = 1404 - 1359. Calculate the greatest common factor of f and 240.
15
Let x(b) = 2*b**2 - 6*b + 5. Let c be x(4). Suppose -3*n - 26 = -65. Calculate the greatest common factor of n and c.
13
Let r be (4/(-1)*-6)/2. Suppose -5*h + r = -113. Calculate the greatest common factor of 5 and h.
5
Let m = 33 + 33. Let l = 111 - m. Calculate the greatest common divisor of l and 5.
5
Suppose 2*s - 91 = -4*x - 25, -18 = -s + 3*x. Let b = 17 + -8. Suppose -4*n - b = -45. Calculate the greatest common factor of n and s.
9
Let t = -31 - -62. Let i = t + -25. Calculate the highest common factor of i and 66.
6
Suppose 0 = -5*o - 36 + 226. Let r(h) = 56*h + 1. Suppose -2*p - 11 = -3*u, -p - 8 = p. Let b be r(u). What is the highest common divisor of o and b?
19
Let f = 53 - 18. Let v = 456 - 451. Calculate the greatest common factor of v and f.
5
Let t(s) = 30*s + 52. Let p be t(6). Calculate the highest common factor of p and 8.
8
Let o be (1 + 2)/(165/4675). Calculate the greatest common divisor of 17 and o.
17
Let m be 4/(-10) - (-63)/45. Let x be (0 + m)/(3/9). Suppose -2*d + 4*n = d - 78, x*d = 3*n + 78. What is the highest common factor of 78 and d?
26
Suppose -2*i + 0 + 8 = 0. Let y be (i/3)/((-40)/(-420)). Calculate the greatest common factor of 35 and y.
7
Let m = -772 + 907. What is the highest common factor of m and 18?
9
Suppose 5*i = 5*j + 2895, -5*i + 2892 = -2*j - 0*j. What is the greatest common factor of i and 34?
34
Let o = 19 + -36. Suppose -2*c = 3*n + 3*c + 82, -n + 5*c + 6 = 0. Let z be o + 17 - (-1 + n). What is the greatest common factor of z and 2?
2
Let x(f) = -f**3 + f + 79*f**2 - 136*f**2 + 80*f**2 - 20. Let s be x(23). What is the greatest common divisor of 1 and s?
1
Suppose -3*c - 38*x + 2944 = -42*x, 2*x = -5*c + 4950. What is the greatest common 